 w be c(-1). Let l(y) = -y**3 + 5*y**2 + 7*y. What is l(w)?
6
Let j(a) be the first derivative of a**3/3 + 2. Let n(k) = -k**2 + 5*k + 2. Let b be n(5). Let l be ((-1)/(-1) - b)*-1. Determine j(l).
1
Let k(q) = -18*q - 6*q + q + 21*q. What is k(-3)?
6
Suppose 2*i + 17 + 7 = 5*o, 4*o - 3*i - 15 = 0. Let t(b) = b**2 - 9*b + 5. Determine t(o).
-13
Let v = 35 + -33. Let f(y) = 2*y**3 - 4*y**2 + 2*y + 1. What is f(v)?
5
Let k(h) = -h**3 - 4*h**2 - h + 1. Suppose 4 = 4*a - 2*a. Suppose g + 3*m + 2 = -0, a = -g + 5*m. Let c be g/3*(7 - 1). What is k(c)?
5
Let u(c) = 4*c**2 - c**3 - 1 + c**3 - c**3. Let q(s) = -7*s + 4. Let k(l) = -8*l + 3. Let i(z) = 6*k(z) - 7*q(z). Let a be i(12). What is u(a)?
7
Let b(f) = 5*f**2 - 38*f - 38. Let k(q) = -2*q**2 + 13*q + 13. Let d(m) = -3*b(m) - 8*k(m). Calculate d(-8).
-6
Let j(s) = -2*s - 1. Let g be j(-2). Let n(v) = 2*v + 2. Let u(q) = -q. Let o(h) = g*u(h) + n(h). Suppose 0*z = -2*z + 4. Give o(z).
0
Let t(h) be the first derivative of 5*h - 1 - 1/2*h**2. Calculate t(0).
5
Let j(t) = t - 3. Let i be 92/20 - (-8)/20. Give j(i).
2
Let w(v) = v**3 - 3*v**2 - 3*v. Let l be (10/(-8))/((-1)/4). Suppose l*d - 30 = -2*j + 3*d, 4*j - 60 = 2*d. Suppose -4*a = -j - 1. What is w(a)?
4
Let i(n) = -6*n + 3*n + 3*n + 12 - 3*n. Give i(6).
-6
Let y(l) be the first derivative of -l**3/3 - 7*l**2/2 + 5*l - 5. Calculate y(-7).
5
Let m(o) = o**2 - 7*o + 1. Let p be m(5). Let g(a) = a**2 + 11*a - 3. What is g(p)?
-21
Suppose 2*o + 8 = 0, 4*a - 2*o = o + 24. Let d(z) = z**2 - 2. Calculate d(a).
7
Let h(u) be the second derivative of u**7/840 + u**6/120 + u**4/12 + u**3/3 - u. Let q(p) be the second derivative of h(p). Give q(-3).
2
Let w(l) be the first derivative of -l**3/3 + l**2 + 3*l + 1. Suppose 3*q = -4 - 2. Let v be (5 + -7)*(-2)/q. Give w(v).
-5
Let n be 1/(-3) - 66/(-9). Let q = n - 12. Let c = -5 - q. Let l(f) = f + 6. Determine l(c).
6
Let a(k) = -k**2 - k + 1. Suppose t = -2*t + 6. Suppose -3*h = -h - t. Calculate a(h).
-1
Let u(n) = -4 - 10 - n - 1. Calculate u(0).
-15
Let w(g) = -g**3 + 6*g**2 - 5*g - 3. Let k = -11 + 21. Suppose u - 3*u = -k. What is w(u)?
-3
Suppose -4*b + 0 + 12 = 0. Let u(h) = h**2 - 4*h - 1. Determine u(b).
-4
Suppose -32 = 10*b + 18. Let k(d) = 2*d + 3. What is k(b)?
-7
Let u = 9 - 6. Let a(i) = 2*i**3 + 56 - 59 + i**2 - i - i**u. Give a(0).
-3
Let l be (19/(-38))/(2/16). Let x(g) = -2*g + 2. Determine x(l).
10
Let i be (-3)/(-3) - -1 - 0. Let f(c) = i*c - c**2 - 3*c - 4*c + 1 + 8*c. What is f(3)?
1
Let x = 0 - -3. Let i(w) = w**2 - w + 1. Let n(a) = a**3 - 2*a + 4. Let q(s) = x*i(s) - n(s). Give q(2).
1
Let u(p) = 4*p**3 - 3 + p**3 - 5*p**2 - 4*p**3 - 6*p. Suppose 5*j + 14 = 3*f - f, f - 2*j = 7. Suppose 5*w = 23 + f. Determine u(w).
-3
Let d(q) = -5 - q + 3 - 1. Let u be d(-6). Let l(s) = 2 + 4*s**u - s**3 - 2*s - s**3 + 3*s**2 - 3*s**3. What is l(2)?
2
Let w(c) = 0*c - 2 - 3*c**2 + 1 + 2 + c. Let d(j) = 3*j**2 - j - 1. Let t(l) = 7*d(l) + 6*w(l). Determine t(-1).
3
Let d = -7 + 12. Let n(x) = 3*x - 2. Let r(p) = p - 1. Let v(a) = -n(a) + 2*r(a). Determine v(d).
-5
Let c(d) = 4*d - 65. Let s(o) = -o + 16. Let a(i) = -2*c(i) - 9*s(i). What is a(7)?
-7
Let l(w) = -10 - w**3 - 2*w + 8*w**2 - 3*w + 0*w**3. Calculate l(7).
4
Suppose -f - 1 = -3. Suppose -1 = -f*s + 1. Let r(q) = -3 - 3*q + 1 - 2*q**2 + s. What is r(-2)?
-3
Let k(j) = j**2 - 2. Let x(p) = 3*p + 5. Let a be x(-4). Let z = -13 + a. Let f be (-35)/z + (-2)/(-8). Calculate k(f).
2
Let k(t) be the third derivative of t**4/24 + 3*t**2. Give k(2).
2
Let o(c) = -c + 2. Let w be o(3). Let m = 2 - w. Let x(j) = 3*j**2 - 2*j - 1. Let h(p) = -4*p**2 + p. Let s(k) = 2*h(k) + 3*x(k). Determine s(m).
-6
Suppose -5 = k - 2*k. Suppose k*d = -20, 3*f + 2*d - 10 = 3*d. Let l = -7 + f. Let z(w) = w**3 + 4*w**2 - 7*w - 7. Determine z(l).
3
Let w(n) = -9*n**3 + 2*n**2 - 2*n + 1. Let b(p) = -p**3 + 5*p**2 + 1. Let m be b(5). Give w(m).
-8
Let c(j) = 5*j**2 + 10*j + 1. Let a(d) = 4*d - 3*d + d**2 + 2 - 4 + 1. Let q(b) = 4*a(b) - c(b). Determine q(-6).
-5
Let s(q) = q**3 - 5*q**2 + 6*q. Suppose -o - 4 = -16. Let y = o - 8. Calculate s(y).
8
Let z(r) = 2*r + 3. Let q be (-63)/(-12) - 1/4. Suppose q = 2*p - 1. Determine z(p).
9
Let m(s) = s**2 - 4 - 6*s**3 + s + 5*s**3 + 2*s**2 - 6*s**2. Determine m(-4).
8
Let j(n) be the second derivative of n**4/12 + 4*n**3/3 + 9*n**2/2 + 3*n. Let i be j(-7). Suppose -i*h + h = b, -2*h = -b. Let m(u) = u**2 - u - 4. Give m(h).
-4
Let r(p) be the third derivative of -p**6/120 - p**5/10 - p**4/12 - p**3 - 2*p**2. Calculate r(-5).
-21
Suppose 5*u - 17 = 3. Let j(g) = 3*g + 3. What is j(u)?
15
Suppose -4 = -6*m + 2*m. Let h(g) be the first derivative of -g**4 + g**3/3 + g**2/2 - g - 1. What is h(m)?
-3
Let n(c) = c**2 + 3*c - 1. Let z(g) = g + 1. Let j be z(-4). Let r be n(j). Let f(i) = -i + 0*i**2 - 3*i**3 - 1 + i**2 + 4*i**3. Determine f(r).
0
Suppose -4*f = -6*f - 4. Let y(v) = -2*v**3 - 2*v - 1. Determine y(f).
19
Let r(w) = -w**2 + 4*w**2 + w**3 + 0*w**2 - w - 1. Let g(y) = -y**2 + 6*y - 6. Let x be g(4). Suppose -k - 2*c + 7 = -4*k, x*c + 2 = 0. Calculate r(k).
2
Let p(k) = -7 + 10 - 5 + k. Let j be (-3)/(-4) - (-3)/12. Let t be (j/2)/((-1)/10). Give p(t).
-7
Let o(s) = -s**2 + 2*s - 4. Let p = -140 + 144. Determine o(p).
-12
Let y(f) be the second derivative of -f**4/12 - 7*f**3/6 + 3*f**2 - 11*f. What is y(-6)?
12
Let d(q) = -2*q - 4. Suppose -4*z = 2*a - 14, 5*z = a - 6*a + 20. Let v(t) = 0 - z + 2. Let s(k) = -d(k) + 3*v(k). What is s(-1)?
-1
Let t(z) = z**3 + 5*z**2 - 3*z + 4. Suppose -6*s - 24 = 12. Determine t(s).
-14
Let s(w) = 1. Let i(o) = -o - 6. Let p(z) = -3*i(z) - 15*s(z). Give p(-4).
-9
Let t(q) = 2*q - 3*q - q. Suppose 17*z = 21*z + 4. Determine t(z).
2
Let f(p) = p**3 - 8*p**2 + 7*p + 6. Let k be f(7). Suppose 2*g + k = 4*g. Let s(l) = -l - 7. Let d(h) = -2*h - 7. Let u(q) = -2*d(q) + 3*s(q). Give u(g).
-4
Let g(v) = v**3 + 7*v**2 - 2*v - 4. Suppose 3*j = 9 - 30. What is g(j)?
10
Let c(j) be the third derivative of -j**5/40 - j**4/12 - j**3/3 + 2*j**2. Let y(g) be the first derivative of c(g). Determine y(2).
-8
Let l(i) = i**3 + 3*i**2 + i - 1. Let h(o) = 20*o + 14. Let n(j) = 7*j + 5. Let a(b) = 6*h(b) - 17*n(b). Let c be a(-1). Calculate l(c).
1
Let w(a) = 7*a - 4*a + 5*a - 5*a. Calculate w(-1).
-3
Let d(w) be the first derivative of -3/2*w**4 + 2/3*w**3 + 4 + 0*w - 1/2*w**2. Determine d(1).
-5
Let s(f) = -f**3 + f**2 + 1. Suppose 2*j - 3*j + 3*t - 4 = 0, -5*j - 5*t = -60. Suppose 0*c = -4*c + j. What is s(c)?
-3
Let p(y) = -3*y + 6. Let j(o) = o. Let c be 2/6 + (-24)/(-36). Let n(b) = c*p(b) + 4*j(b). Determine n(-5).
1
Let r(t) = -6*t + 17. Let n be r(5). Let s = -18 - n. Let a(b) = b + 1. Calculate a(s).
-4
Let l(x) be the second derivative of -1/2*x**2 - 1/12*x**4 + 0 + x + 2/3*x**3. Let t = 813 + -810. Calculate l(t).
2
Let q(j) be the second derivative of j**4/6 - 2*j**3/3 + 7*j. Calculate q(3).
6
Let p(u) be the third derivative of u**5/60 + u**4/24 + 23*u**2. What is p(0)?
0
Suppose c = 5*c + 12. Let v(p) = -p**3 - 3*p**2 - p + 3. Let d be v(c). Let y(h) = -h**3 + 0*h**3 + 2*h**2 - d*h**3 - h. Give y(1).
-6
Suppose -5*n + 3*n = -5*l + 3, 2*l - 5*n - 18 = 0. Let z(g) = -11*g**2 + 2*g + 1. Give z(l).
-12
Let j(c) be the second derivative of c**5/20 - c**4/2 + 5*c**2/2 + 6*c. Calculate j(6).
5
Let f(k) = k**3 + 6*k**2 + 7*k + 5. Suppose -i + 22 = v, v + 5 = -0. Suppose -4*t + 7 = i. Give f(t).
-5
Let f be 20/(-8)*(0 + -2). Let t(p) = 4*p**3 - 4*p**2 - 2*p - 2. Let h(j) = 4*j - j**3 - j + 4 - 6*j**3 + 7*j**2. Let m(c) = f*t(c) + 3*h(c). Calculate m(2).
-4
Let c = 37 - 32. Let p(g) be the second derivative of 1/2*g**4 - 1/20*g**5 + 2*g + 3*g**2 + 0 - 7/6*g**3. Calculate p(c).
-4
Let k(w) = 2*w**3 - 4*w**2 - 5*w + 1. Let a(i) = 3*i**3 - 4*i**2 - 6*i + 1. Let y(v) = -3*a(v) + 4*k(v). What is y(-3)?
-2
Let o(j) = -j + 12. Suppose 4*z - 3*b = 15, -3*z = 3*b - 4 - 23. Determine o(z).
6
Suppose 5*m + 8*m = 12*m. Let t(p) = p**3 - p**2 + 9. Calculate t(m).
9
Let z = 21 + -9. Suppose -q + 2*y = 4*q - 12, 0 = 5*q + 3*y - 7. Suppose -z = c + q*c. Let l(p) = -2*p**2 - 7*p - 6. Determine l(c).
-10
Suppose 0*w = 4*w + 32. Let q = w - -10. Let y(h) = 1 + 6*h - 2*h + 2 + 3*h**q. Give y(-2).
7
Let x(o) = o - 3